 y. What is w(-2)?
-6
Let a = 19 - 14. Let k(h) = -3*h + 2. Let m(j) = 41*j - 27. Let o(w) = 27*w - 18. Let z(s) = 5*m(s) - 7*o(s). Let l(x) = 11*k(x) + 2*z(x). Give l(a).
-1
Let k(l) = l**2 + 2*l - 2. Let w = 9 + -12. Calculate k(w).
1
Suppose 0*p - p + 5 = 0. Let j = -2 + p. Let b(d) = d**3 - 4*d**2 + 5*d - 3. Calculate b(j).
3
Let x(h) = -5*h**3 - h**2 + 2*h - 1. Suppose 5*a = -3 + 8. Determine x(a).
-5
Let j(g) = -3*g + 14. Let u be j(6). Let k(x) = x**3 + 5*x**2 + 4*x - 2. What is k(u)?
-2
Let c(y) be the first derivative of y**4/4 - 4*y**3/3 - 3*y**2/2 - 4*y + 7. Determine c(5).
6
Let m(k) = 7*k**2 + 9*k - 1. Let p(c) = c**2 + 2*c. Let x(o) = m(o) - 6*p(o). What is x(5)?
9
Suppose 5*b - 9*b = 28. Let r(o) = -o. Calculate r(b).
7
Let r be (-21)/(-27) - (-6)/27. Let u(v) = -1 + 0*v**2 - 4*v - r - v + v**2. What is u(3)?
-8
Suppose -2*q + 1 = -11. Let h(z) = z**3 - 7*z**2 + 8*z - 6. Let k be h(q). Let o(m) = -m + 6. Give o(k).
0
Let f(i) = i**2 - 2*i - 2. Let p = -1 + 4. Calculate f(p).
1
Let z(l) be the second derivative of -l**5/20 + 5*l**4/12 - l**3/3 - 3*l**2/2 + l. What is z(4)?
5
Let u(q) = -q**2 + 3 + 6*q**2 + 0 - 6*q**2 - 4*q. Determine u(-4).
3
Let n(a) be the second derivative of 0 + 2*a + 3/2*a**2 - 2/3*a**3. Give n(3).
-9
Suppose -2*b = -10 + 2. Let g(v) = -2 + 4 - 3*v + v**2 - b + 2*v**3. Determine g(-2).
-8
Let z(v) = -v. Let u(i) = -2*i**3 - 1. Let w(h) = -u(h) + 2*z(h). Suppose 46*n = 45*n - 2. Give w(n).
-11
Suppose -4 = -0*b + 4*b + 4*n, 3*n = 3*b - 3. Let i(k) = b*k + 3 - 3 - 1 - 2*k. What is i(2)?
-5
Let t(h) be the second derivative of h**5/20 - h**4/4 - h**3/3 - h**2/2 - 3*h. Determine t(4).
7
Let j(g) = -g**2 + 3*g + 4. Let x be j(3). Let m = 22 + -16. Let u(h) = 9 + h - m - 2*h. Calculate u(x).
-1
Suppose -5*h - 13 = -4*d - 0*h, -5*d - 5*h - 40 = 0. Suppose 0 = -6*q + 3*q + 9. Let y(l) = -3 + q*l - 5*l + 2*l + l. Give y(d).
-6
Let q(k) be the first derivative of -k**7/840 - k**6/60 - k**5/30 + 5*k**4/24 - k**3 + 2. Let r(s) be the third derivative of q(s). Determine r(-4).
-11
Let p = 0 - 5. Let m(d) = d + 11. Determine m(p).
6
Let f(m) = m**3 + 6*m**2 + 4*m - 3. Suppose 3*j - 17 = 1. Let y = -11 + j. Calculate f(y).
2
Let w(n) = n. Let v(i) be the third derivative of i**5/120 - 3*i**4/8 - i**3/3 - 2*i**2. Let d(g) be the first derivative of v(g). Let k be d(6). Give w(k).
-3
Suppose -5*b + 0*b + 45 = 0. Let o be (-6)/b*6/(-4). Let s(v) = 3*v - o - v**3 + 5*v**2 + 0 + 2 + 2*v**3. Calculate s(-2).
7
Let p(q) = 12*q**2 + 6*q - 7. Let o(t) = t**2 + t - 1. Let n(w) = 6*o(w) - p(w). Let h be (4/(-4))/(2 - (1 + 2)). Calculate n(h).
-5
Let b(a) be the third derivative of a**6/120 + 3*a**5/20 + a**4/24 - 4*a**3/3 - 12*a**2. What is b(-9)?
-17
Let n(i) be the second derivative of i**5/20 + 3*i**4/4 + i**3 - 11*i**2/2 - 23*i. Determine n(-8).
5
Let k(p) = -p**3 - 2*p**2 + 3*p - 3. Suppose o + 5*o = -18. Give k(o).
-3
Let y(q) = q**2 - 5*q - 4. Suppose -40 + 15 = -5*a. Calculate y(a).
-4
Let y = -1 - -1. Suppose y = -3*s + 2*m + 2, -4*m = -5*m + 2. Let c(l) = -4 + 0*l + l - s*l. Give c(-3).
-1
Let g(r) = 32 - 5*r**2 + 0*r - 2*r - r**2 - 34. What is g(-2)?
-22
Let n(f) = f - 1. Suppose 14 = 4*p - 10. Give n(p).
5
Let j(v) = v - 6. Suppose 3*p - 4*s = -10, -2*p = -0*p + s - 8. Suppose p*d = -2*d - 24. Let a = -1 - d. What is j(a)?
-1
Let t(p) = p**3 + 4*p**2 - p - 4. Let c be t(-4). Let k(w) = -w - 14. Calculate k(c).
-14
Let k(g) = -g**3 - 2*g**2 - g - 1. Let r = 1 + -3. What is k(r)?
1
Let w(d) be the first derivative of -2*d**3/3 + 2*d - 3. Suppose 4*l + 12 = 4. Let h = 4 + l. Calculate w(h).
-6
Suppose 3*c + 4*f = 2, 2*c + f - 8 = -3*f. Let y be (-26)/(-6) - (-2)/c. Let w be 11/(-9) + y/18. Let n(a) = -8*a + 1. Determine n(w).
9
Let j(h) = -4*h**2 - 3*h - 1. Suppose 4*k + 11 = -1, 0 = 3*n - 4*k - 6. What is j(n)?
-11
Let n(c) = c**3 - 6*c**2 + 5*c + 6. Suppose 0 = -3*a - 2 + 17. Determine n(a).
6
Let y(n) = -n**3 + 5*n**2 - 5. Let c be y(5). Let j(v) = -v**2 - 3*v - 1. What is j(c)?
-11
Suppose 5*m + 14 - 4 = 0. Let f(d) be the first derivative of -3*d**4/4 - 4*d**3/3 - 2*d**2 - 3*d + 2. Calculate f(m).
13
Let v(p) = p - 1. Let n = -10 - -5. Let c = -1 - -1. Let k = n + c. Calculate v(k).
-6
Let o(q) = -q + 3*q**2 + q**3 - q - 12 + 5 + 3. Give o(-3).
2
Let z = 16 + -12. Suppose -5*d - 10 = 5*k, -k = z*k + d + 22. Let x(q) = q**3 + 5*q**2 + 2*q - 2. Determine x(k).
-12
Suppose -3*t = l - 0*t - 15, -4 = -4*l + 2*t. Let v(h) be the second derivative of h**5/20 - h**4/4 - h**3/6 + 2*h**2 - h. What is v(l)?
1
Let t(r) be the first derivative of -r**3/3 - 5*r**2/2 - 5*r + 1. Suppose -4*s - 4 - 16 = 0. Determine t(s).
-5
Let v(i) = i**3 + 5*i**2 - 6*i - 2. Let z be v(-6). Let a(d) be the third derivative of 0*d - 2*d**2 + 1/24*d**4 - 1/60*d**5 + 1/6*d**3 + 0. Calculate a(z).
-5
Let a(q) = -q**3 + 2*q**2 + 6*q + 5. Let i be a(4). Let f(h) = -2*h - 4. What is f(i)?
2
Let a(b) be the first derivative of b**3/3 - 7*b**2/2 + 2*b - 10. Calculate a(6).
-4
Let p(f) be the second derivative of f**4/2 + f**2/2 - f. Let o be ((-5)/10)/((-3)/6). What is p(o)?
7
Let x(g) = -3*g - 7. Let o(q) = q + 8. Let d(u) = -2*o(u) - 3*x(u). Calculate d(-4).
-23
Let d(s) = -27*s**3 - 3 + 58*s**3 - 32*s**3 + s**2 + 2*s. Determine d(3).
-15
Let r(l) = -l**2 - l - 1. Suppose 4 = -5*q + 4*b - 2, -4*q + 4*b - 8 = 0. Suppose 2*v = -q*v. Give r(v).
-1
Let p(q) = -q + 2. Let u = 35 + -34. Give p(u).
1
Suppose 0 = 8*m - 13 - 27. Let a(k) = -k**2 + k + 7. Calculate a(m).
-13
Let b(c) = c**3 - 4*c**2 + 2*c + 1. Suppose 0 = -4*n - s - 1 + 4, -4*n + 18 = -2*s. Give b(n).
-3
Let v(j) = 4*j + 2. Let s be 96/(-15) - (-6)/15. Give v(s).
-22
Let g(c) = -c - 2. Suppose -4*f - f + 20 = 0. Suppose -2*u - 3*n = -12, 2*u - 3*n = -f*n + 8. What is g(u)?
-5
Let x(s) = -30*s. Let f(w) = 6*w. Let g(r) = -24*f(r) - 5*x(r). Suppose -o = 2*o - 15. Suppose o = 5*k - 0*k. What is g(k)?
6
Let f(l) be the third derivative of 0 + 0*l + 0*l**4 - 2/3*l**3 + 4*l**2 - 1/10*l**5 + 1/120*l**6. Give f(6).
-4
Suppose s - 3*s = 0. Let t be (-144)/(-78) + (-2)/(-13). Suppose s*x + 10 = t*x. Let z(n) = n**2 - 4*n + 2. Calculate z(x).
7
Let a(z) = z**3 - z**2 - z - 1. Suppose -3 = x, -2*x + 4*x = -3*r - 12. Determine a(r).
-11
Let r = -3 - 2. Let s(q) = q**3 + 4*q**2 - 6*q - 2. Calculate s(r).
3
Let d(v) = -v + 1. Let h(p) = 3*p + p**3 - 2*p**3 + 0*p**2 + 3*p**2 + 2*p**3 + 3. Let x be h(-3). Determine d(x).
7
Suppose s + 30 = -2*u - s, -4*u = 3*s + 60. Let w = 9 + u. Let x(z) = -z - 6. What is x(w)?
0
Let s = 0 + 2. Let c(f) = -4*f**2 + 4*f**s - 2*f**2 + 3*f**2 + 4 - 4*f. Calculate c(5).
9
Let j(g) be the second derivative of -g**4/6 + 5*g**3/6 - 2*g**2 + g. Suppose -3*f + 9 = -0*f. What is j(f)?
-7
Let p(h) = 2*h + h**2 + 0*h**2 + h + 4. Give p(-3).
4
Let s be (-2)/(-7) + 4/(-14). Suppose s = 2*h - 1 + 7. Let l(p) be the second derivative of p**4/12 + 2*p**3/3 + p**2/2 - 3*p. Give l(h).
-2
Let c(v) = 2*v**3 - 5*v**2 + 2*v - 2. Let p(r) = 3*r**3 - 9*r**2 + 4*r - 4. Let i(y) = -5*c(y) + 3*p(y). Calculate i(2).
-14
Suppose 2*w - 3*s - 3 = -11, -4*w - 5*s + 28 = 0. Suppose 0*f = -f - w. Let o(j) = j**2 - j - 1. Determine o(f).
5
Let z(n) be the first derivative of -5*n**3/3 - 3*n**2/2 - 3*n - 16. Give z(-2).
-17
Let b = -54 + 55. Let l(f) = 5*f - 1. What is l(b)?
4
Suppose -2*r + 5 = i, -2*r = 2 - 0. Let p(a) = -3*a + 0 + 1 + a**2 + i*a. Determine p(-5).
6
Let v(m) be the second derivative of -m**4/12 + m**3/6 + 13*m. Suppose 15 = -4*h + 3. Calculate v(h).
-12
Let z(v) = -v**2 + 2*v - 2. Let f = 14 - 32. Let r = 20 + f. What is z(r)?
-2
Let d(r) = -r**2 - 5*r - 4. Let v(g) be the first derivative of -g**2/2 + 5*g - 3. Let n be v(8). What is d(n)?
2
Let x(j) = 10*j + 1. Suppose -3*z + 2 = 2*s - 0, -4*s + 4*z = -24. Suppose s = 4*f - 0. Determine x(f).
11
Let u(s) = s**2 - 13*s + 2. Let z(f) = 2*f. Let x(y) = u(y) + 4*z(y). Calculate x(6).
8
Suppose -2*o - 4 = 3*t - 6*o, 5*o = 4*t + 4. Let r(b) be the third derivative of b**2 + 1/6*b**3 + 0 - 1/8*b**t + 0*b. Give r(2).
-5
Let i(g) = 4*g - 14. Let w be i(5). Let h(d) = -d**3 + 5*d**2 + 5*d + 6. Calculate h(w).
0
Let r(l) = l - 6. Suppose 3*q + 0*i - 11 = -2*i, 2*i = -4. What is r(q)?
-1
Let k(f) = f**2 + 6*f + 2. Let y = 4 + -9. Let r be k(y). Let l(q) = 